{"id":73,"date":"2017-01-16T23:50:24","date_gmt":"2017-01-16T23:50:24","guid":{"rendered":"http:\/\/themenectar.com\/demo\/salient-minimal-portfolio\/?page_id=73"},"modified":"2026-03-17T15:26:56","modified_gmt":"2026-03-17T14:26:56","slug":"about-minimal-portfolio","status":"publish","type":"page","link":"https:\/\/marjorieponsard.fr\/index.php\/about-minimal-portfolio\/","title":{"rendered":"Services &#8211; Marjorie Ponsard"},"content":{"rendered":"[vc_row type=\u00a0\u00bbfull_width_background\u00a0\u00bb full_screen_row_position=\u00a0\u00bbmiddle\u00a0\u00bb equal_height=\u00a0\u00bbyes\u00a0\u00bb content_placement=\u00a0\u00bbmiddle\u00a0\u00bb bg_color=\u00a0\u00bb#ffffff\u00a0\u00bb scene_position=\u00a0\u00bbcenter\u00a0\u00bb text_color=\u00a0\u00bbdark\u00a0\u00bb text_align=\u00a0\u00bbleft\u00a0\u00bb top_padding=\u00a0\u00bb4%\u00a0\u00bb bottom_padding=\u00a0\u00bb7%\u00a0\u00bb overlay_strength=\u00a0\u00bb0.3&Prime; shape_divider_position=\u00a0\u00bbbottom\u00a0\u00bb][vc_column column_padding=\u00a0\u00bbno-extra-padding\u00a0\u00bb column_padding_position=\u00a0\u00bball\u00a0\u00bb background_color_opacity=\u00a0\u00bb1&Prime; background_hover_color_opacity=\u00a0\u00bb1&Prime; column_shadow=\u00a0\u00bbnone\u00a0\u00bb column_border_radius=\u00a0\u00bbnone\u00a0\u00bb width=\u00a0\u00bb1\/2&Prime; tablet_text_alignment=\u00a0\u00bbdefault\u00a0\u00bb phone_text_alignment=\u00a0\u00bbdefault\u00a0\u00bb column_border_width=\u00a0\u00bbnone\u00a0\u00bb column_border_style=\u00a0\u00bbsolid\u00a0\u00bb]<div class=\"img-with-aniamtion-wrap \" data-max-width=\"100%\" data-border-radius=\"none\"><div class=\"inner\"><img loading=\"lazy\" decoding=\"async\" data-shadow=\"none\" data-shadow-direction=\"middle\" class=\"img-with-animation \" data-delay=\"0\" height=\"1974\" width=\"2000\" data-animation=\"none\" src=\"https:\/\/marjorieponsard.fr\/wp-content\/uploads\/2018\/04\/ponsard-about-logo-mp-graphiste-illustratrice.jpg\" srcset=\"https:\/\/marjorieponsard.fr\/wp-content\/uploads\/2018\/04\/ponsard-about-logo-mp-graphiste-illustratrice.jpg 2000w, https:\/\/marjorieponsard.fr\/wp-content\/uploads\/2018\/04\/ponsard-about-logo-mp-graphiste-illustratrice-300x296.jpg 300w, https:\/\/marjorieponsard.fr\/wp-content\/uploads\/2018\/04\/ponsard-about-logo-mp-graphiste-illustratrice-768x758.jpg 768w, https:\/\/marjorieponsard.fr\/wp-content\/uploads\/2018\/04\/ponsard-about-logo-mp-graphiste-illustratrice-1024x1011.jpg 1024w, https:\/\/marjorieponsard.fr\/wp-content\/uploads\/2018\/04\/ponsard-about-logo-mp-graphiste-illustratrice-100x100.jpg 100w, https:\/\/marjorieponsard.fr\/wp-content\/uploads\/2018\/04\/ponsard-about-logo-mp-graphiste-illustratrice-600x592.jpg 600w\" sizes=\"100vw\" alt=\"\" \/><\/div><\/div><div class=\"divider-wrap\"><div style=\"height: 500px;\" class=\"divider\"><\/div><\/div>[\/vc_column][vc_column column_padding=\u00a0\u00bbpadding-6-percent\u00a0\u00bb column_padding_position=\u00a0\u00bball\u00a0\u00bb background_color_opacity=\u00a0\u00bb1&Prime; background_hover_color_opacity=\u00a0\u00bb1&Prime; column_shadow=\u00a0\u00bbnone\u00a0\u00bb column_border_radius=\u00a0\u00bbnone\u00a0\u00bb width=\u00a0\u00bb1\/2&Prime; tablet_text_alignment=\u00a0\u00bbdefault\u00a0\u00bb phone_text_alignment=\u00a0\u00bbdefault\u00a0\u00bb column_border_width=\u00a0\u00bbnone\u00a0\u00bb column_border_style=\u00a0\u00bbsolid\u00a0\u00bb][vc_custom_heading text=\u00a0\u00bbMarjorie Ponsard\u00a0\u00bb font_container=\u00a0\u00bbtag:h5|text_align:left|color:%23bfbfbf\u00a0\u00bb use_theme_fonts=\u00a0\u00bbyes\u00a0\u00bb css=\u00a0\u00bb.vc_custom_1523883085354{margin-bottom: 10px !important;}\u00a0\u00bb][vc_custom_heading text=\u00a0\u00bbGraphiste et Illustratrice depuis 2016&Prime; font_container=\u00a0\u00bbtag:h2|font_size:40|text_align:left|line_height:50px\u00a0\u00bb use_theme_fonts=\u00a0\u00bbyes\u00a0\u00bb][vc_column_text css=\u00a0\u00bb.vc_custom_1525358952005{margin-top: 30px !important;margin-bottom: 30px !important;}\u00a0\u00bb]REGION RHONE-ALPES et NORMANDIE<\/p>\n<p class=\"p1\">Depuis 2016, j\u2019exerce en tant que <span class=\"s1\"><b>graphiste<\/b><\/span>\u00a0et <span class=\"s1\"><b>illustratrice<\/b><\/span>. J\u2019accompagne les collectivit\u00e9s, entreprises, artisans, associations et structures culturelles dans leurs projets de <span class=\"s1\"><b>communication visuelle<\/b><\/span>, en cr\u00e9ant des identit\u00e9s graphiques, des supports de communication (imprim\u00e9s ou num\u00e9riques) et des <span class=\"s1\"><b>illustrations personnalis\u00e9es<\/b><\/span>.<\/p>\n<p class=\"p1\">Install\u00e9e en <span class=\"s1\"><b>Ard\u00e8che et en Normandie<\/b><\/span>, j\u2019interviens r\u00e9guli\u00e8rement \u00e9galement dans la <span class=\"s1\"><b>Dr\u00f4me<\/b><\/span> et plus largement en <span class=\"s1\"><b>Rh\u00f4ne-Alpes<\/b><\/span>, en lien avec un r\u00e9seau de clients locaux aux profils vari\u00e9s. Mon travail s\u2019adapte \u00e0 chaque demande, avec une approche accessible, cr\u00e9ative et \u00e0 l\u2019\u00e9coute.<\/p>\n<p class=\"p1\">Je propose mes services de <span class=\"s1\"><b>graphisme<\/b><\/span> et d\u2019<span class=\"s1\"><b>illustration<\/b><\/span> dans les principales villes de la r\u00e9gion Rh\u00f4ne-Alpes et Normandie :<\/p>\n<p class=\"p1\"><strong>Caen, Bayeux, C\u00f4te de Nacre, Pays d\u2019Auge, Arromanches, Courseulles-sur-Mer,<\/strong><\/p>\n<p class=\"p3\"><b>Valence<\/b><span class=\"s2\">, <\/span><b>Mont\u00e9limar<\/b><span class=\"s2\">, <\/span><b>Romans-sur-Is\u00e8re<\/b><span class=\"s2\">, <\/span><b>Rovaltain<\/b><span class=\"s2\">, <\/span><b>Tain l\u2019Hermitage<\/b><span class=\"s2\">, <\/span><b>Crest<\/b><span class=\"s2\">, <\/span><b>Nyons<\/b><span class=\"s2\">,<\/span><\/p>\n<p class=\"p3\"><span class=\"s2\">ainsi qu\u2019en <\/span><b>Ard\u00e8che<\/b><span class=\"s2\"> : <\/span><b>Privas<\/b><span class=\"s2\">, <\/span><b>Aubenas<\/b><span class=\"s2\">, <\/span><b>Tournon-sur-Rh\u00f4ne<\/b><span class=\"s2\">, <\/span><b>Lamastre<\/b><span class=\"s2\">, <\/span><b>Guilherand-Granges<\/b><span class=\"s2\">,<\/span><\/p>\n<p class=\"p1\">et dans les alentours : <span class=\"s1\"><b>Salaise-sur-Sanne<\/b><\/span>, <span class=\"s1\"><b>Annonay<\/b><\/span>, ou ailleurs en <span class=\"s1\"><b>Rh\u00f4ne-Alpes<\/b><\/span> et dans le sud-est.<\/p>\n<p class=\"p1\">[\/vc_column_text]<div class=\"divider-wrap\"><div style=\"height: 50px;\" class=\"divider\"><\/div><\/div>[vc_custom_heading text=\u00a0\u00bbQue puis-je faire pour vous ?\u00a0\u00bb font_container=\u00a0\u00bbtag:h5|text_align:left|color:%23bfbfbf\u00a0\u00bb use_theme_fonts=\u00a0\u00bbyes\u00a0\u00bb css=\u00a0\u00bb.vc_custom_1523886534566{margin-bottom: 10px !important;}\u00a0\u00bb][vc_row_inner column_margin=\u00a0\u00bbdefault\u00a0\u00bb text_align=\u00a0\u00bbleft\u00a0\u00bb][vc_column_inner column_padding=\u00a0\u00bbno-extra-padding\u00a0\u00bb column_padding_position=\u00a0\u00bball\u00a0\u00bb background_color_opacity=\u00a0\u00bb1&Prime; background_hover_color_opacity=\u00a0\u00bb1&Prime; column_shadow=\u00a0\u00bbnone\u00a0\u00bb column_border_radius=\u00a0\u00bbnone\u00a0\u00bb width=\u00a0\u00bb1\/2&Prime; column_border_width=\u00a0\u00bbnone\u00a0\u00bb column_border_style=\u00a0\u00bbsolid\u00a0\u00bb]<div class=\"nectar-fancy-ul\" data-list-icon=\"none\" data-animation=\"false\" data-animation-delay=\"0\" data-color=\"accent-color\" data-alignment=\"left\"> \n<ul>\n<li>\n<p class=\"p1\">Cr\u00e9ation de logo &amp; charte graphique<\/p>\n<\/li>\n<li>\n<p class=\"p1\">Illustration<\/p>\n<\/li>\n<li>\n<p class=\"p1\">Supports imprim\u00e9s : flyers, affiches, plaquettes, cartes<\/p>\n<\/li>\n<li>\n<p class=\"p1\">Packaging, \u00e9tiquettes et design produit<\/p>\n<\/li>\n<li>\n<p class=\"p1\">Signal\u00e9tique \u00e9v\u00e9nementielle<\/p>\n<\/li>\n<li>\n<p class=\"p1\">Visuels pour les r\u00e9seaux sociaux et le web<\/p>\n<\/li>\n<li>Direction artistique<\/li>\n<li>Communication graphique<\/li>\n<\/ul>\n <\/div>[\/vc_column_inner][vc_column_inner column_padding=\u00a0\u00bbno-extra-padding\u00a0\u00bb column_padding_position=\u00a0\u00bball\u00a0\u00bb background_color_opacity=\u00a0\u00bb1&Prime; background_hover_color_opacity=\u00a0\u00bb1&Prime; column_shadow=\u00a0\u00bbnone\u00a0\u00bb column_border_radius=\u00a0\u00bbnone\u00a0\u00bb width=\u00a0\u00bb1\/2&Prime; column_border_width=\u00a0\u00bbnone\u00a0\u00bb column_border_style=\u00a0\u00bbsolid\u00a0\u00bb]<div class=\"nectar-fancy-ul\" data-list-icon=\"none\" data-animation=\"false\" data-animation-delay=\"0\" data-color=\"accent-color\" data-alignment=\"left\"> \n<ul>\n<li>\n<p class=\"p1\"><span class=\"s1\"><b>\u00c9coute &amp; personnalisation<\/b><\/span> : chaque projet est unique, chaque cr\u00e9ation est sur mesure<\/p>\n<\/li>\n<li>\n<p class=\"p1\"><span class=\"s1\"><b>R\u00e9activit\u00e9 &amp; professionnalisme<\/b><\/span> : respect des d\u00e9lais, transparence et implication<\/p>\n<\/li>\n<li>\n<p class=\"p1\"><span class=\"s1\"><b>Ma\u00eetrise du print &amp; du digital<\/b><\/span> : de la carte de visite au visuel web, en passant par le packaging ou l\u2019illustration<\/p>\n<\/li>\n<\/ul>\n <\/div>[\/vc_column_inner][\/vc_row_inner][nectar_icon icon_family=\u00a0\u00bbiconsmind\u00a0\u00bb icon_style=\u00a0\u00bbdefault\u00a0\u00bb icon_color=\u00a0\u00bbExtra-Color-2&Prime; icon_padding=\u00a0\u00bb20px\u00a0\u00bb icon_iconsmind=\u00a0\u00bbiconsmind-Reddit\u00a0\u00bb icon_size=\u00a0\u00bb29&Prime; url=\u00a0\u00bb#\u00a0\u00bb][nectar_icon icon_family=\u00a0\u00bbiconsmind\u00a0\u00bb icon_style=\u00a0\u00bbdefault\u00a0\u00bb icon_color=\u00a0\u00bbExtra-Color-2&Prime; icon_padding=\u00a0\u00bb20px\u00a0\u00bb icon_iconsmind=\u00a0\u00bbiconsmind-Dribble\u00a0\u00bb icon_size=\u00a0\u00bb29&Prime; url=\u00a0\u00bb#\u00a0\u00bb][\/vc_column][vc_column column_padding=\u00a0\u00bbno-extra-padding\u00a0\u00bb column_padding_position=\u00a0\u00bball\u00a0\u00bb background_color_opacity=\u00a0\u00bb1&Prime; background_hover_color_opacity=\u00a0\u00bb1&Prime; column_shadow=\u00a0\u00bbnone\u00a0\u00bb column_border_radius=\u00a0\u00bbnone\u00a0\u00bb width=\u00a0\u00bb1\/1&Prime; tablet_text_alignment=\u00a0\u00bbdefault\u00a0\u00bb phone_text_alignment=\u00a0\u00bbdefault\u00a0\u00bb column_border_width=\u00a0\u00bbnone\u00a0\u00bb column_border_style=\u00a0\u00bbsolid\u00a0\u00bb][\/vc_column][\/vc_row]\n","protected":false},"excerpt":{"rendered":"<p>[vc_row type=\u00a0\u00bbfull_width_background\u00a0\u00bb full_screen_row_position=\u00a0\u00bbmiddle\u00a0\u00bb equal_height=\u00a0\u00bbyes\u00a0\u00bb content_placement=\u00a0\u00bbmiddle\u00a0\u00bb bg_color=\u00a0\u00bb#ffffff\u00a0\u00bb scene_position=\u00a0\u00bbcenter\u00a0\u00bb text_color=\u00a0\u00bbdark\u00a0\u00bb text_align=\u00a0\u00bbleft\u00a0\u00bb top_padding=\u00a0\u00bb4%\u00a0\u00bb bottom_padding=\u00a0\u00bb7%\u00a0\u00bb overlay_strength=\u00a0\u00bb0.3&Prime; shape_divider_position=\u00a0\u00bbbottom\u00a0\u00bb][vc_column column_padding=\u00a0\u00bbno-extra-padding\u00a0\u00bb column_padding_position=\u00a0\u00bball\u00a0\u00bb background_color_opacity=\u00a0\u00bb1&Prime; background_hover_color_opacity=\u00a0\u00bb1&Prime; column_shadow=\u00a0\u00bbnone\u00a0\u00bb column_border_radius=\u00a0\u00bbnone\u00a0\u00bb width=\u00a0\u00bb1\/2&Prime; tablet_text_alignment=\u00a0\u00bbdefault\u00a0\u00bb phone_text_alignment=\u00a0\u00bbdefault\u00a0\u00bb column_border_width=\u00a0\u00bbnone\u00a0\u00bb column_border_style=\u00a0\u00bbsolid\u00a0\u00bb][\/vc_column][vc_column column_padding=\u00a0\u00bbpadding-6-percent\u00a0\u00bb column_padding_position=\u00a0\u00bball\u00a0\u00bb background_color_opacity=\u00a0\u00bb1&Prime; background_hover_color_opacity=\u00a0\u00bb1&Prime; column_shadow=\u00a0\u00bbnone\u00a0\u00bb column_border_radius=\u00a0\u00bbnone\u00a0\u00bb&#8230;<\/p>\n","protected":false},"author":1,"featured_media":0,"parent":0,"menu_order":0,"comment_status":"closed","ping_status":"closed","template":"","meta":{"footnotes":""},"class_list":["post-73","page","type-page","status-publish"],"_links":{"self":[{"href":"https:\/\/marjorieponsard.fr\/index.php\/wp-json\/wp\/v2\/pages\/73"}],"collection":[{"href":"https:\/\/marjorieponsard.fr\/index.php\/wp-json\/wp\/v2\/pages"}],"about":[{"href":"https:\/\/marjorieponsard.fr\/index.php\/wp-json\/wp\/v2\/types\/page"}],"author":[{"embeddable":true,"href":"https:\/\/marjorieponsard.fr\/index.php\/wp-json\/wp\/v2\/users\/1"}],"replies":[{"embeddable":true,"href":"https:\/\/marjorieponsard.fr\/index.php\/wp-json\/wp\/v2\/comments?post=73"}],"version-history":[{"count":25,"href":"https:\/\/marjorieponsard.fr\/index.php\/wp-json\/wp\/v2\/pages\/73\/revisions"}],"predecessor-version":[{"id":875,"href":"https:\/\/marjorieponsard.fr\/index.php\/wp-json\/wp\/v2\/pages\/73\/revisions\/875"}],"wp:attachment":[{"href":"https:\/\/marjorieponsard.fr\/index.php\/wp-json\/wp\/v2\/media?parent=73"}],"curies":[{"name":"wp","href":"https:\/\/api.w.org\/{rel}","templated":true}]}}